ctors of -18*j/2 + 1?
2, 5
Suppose -23*m + 648 = -20*m. What are the prime factors of m?
2, 3
Let u(c) = -10*c + 6. Let w be u(-6). Suppose -4*k + 3*z + 70 = 0, 0*z + w = 4*k - z. List the prime factors of k.
2
What are the prime factors of 2/14*563 + (-24)/(-42)?
3
Let q be (-6)/((1 - 2)*3). Let i(s) = 5*s**3 - 2*s**2 - s + 1. What are the prime factors of i(q)?
31
Let k(w) = -w**3 + 7*w**2 + 8*w + 8. Suppose 5*g = -3*l + 31, -4*g - 5*l + 3 + 14 = 0. List the prime factors of k(g).
2
Let w(r) be the third derivative of -r**5/60 - r**4/3 + r**3/6 + 5*r**2. What are the prime factors of w(-7)?
2
Let c(q) = 2*q**3 - 4*q**2 + 2*q + 1. Let d be c(2). Suppose -d*a + a = 56. What are the prime factors of a/35 + (-124)/(-10)?
2, 3
Suppose -5*g - 19 = -t + 4, -4*t = -3*g - 41. Let q = 13 - t. Suppose -s - 4*s = -3*h + 16, 0 = -2*h - q*s - 6. List the prime factors of h.
2
Let b = -26 + 66. Suppose b + 40 = 4*t. What are the prime factors of t?
2, 5
Suppose -u + 8 = 5*o, -o + 4*u + 3 + 7 = 0. List the prime factors of o.
2
Let d be -1 + 8 + -1 + -1. Suppose -d*j + 4*o = -15, -o + 5 = 2*j - 1. Let t = 1 + j. What are the prime factors of t?
2
Suppose -x = -6*x + 165. What are the prime factors of x?
3, 11
Let j be 3/(-2)*(-16)/6. Suppose j*v = 5*v - 23. What are the prime factors of v?
23
Let m(d) = -d**2 + 3*d - 3. Let l be m(5). Let a = l + 37. List the prime factors of a.
2, 3
Let s(d) = -2*d - 4. Let a be s(-3). Let p be (3/a)/((-1)/(-2)). Suppose 2*k = 2*m - 16, p*m + m - 32 = -5*k. What are the prime factors of m?
2
Suppose 16 = 3*c - 2*w, c - 10 = -2*w + 6. Suppose -3 = k + 4*s + c, -5*k = 3*s - 13. List the prime factors of k.
5
List the prime factors of (-68)/(-3) + (-14)/21.
2, 11
Suppose u - 2*j - 76 = 0, j - 5*j + 168 = 2*u. List the prime factors of u.
2, 5
Let u = -11 + 12. Let n(t) = 38*t**3 + 2*t**2 - 1. List the prime factors of n(u).
3, 13
Suppose 172 = 2*i - 180. What are the prime factors of (-12)/(-54) - i/(-18)?
2, 5
Suppose -3*c = v - 130, -242 = -4*c + 4*v - 74. Suppose 134 = 7*q - 27. Let m = c - q. What are the prime factors of m?
2, 5
Let z(x) = x. Let o be 2*1/4*2. Let r be z(o). Suppose 9 = 2*q - r. What are the prime factors of q?
5
Suppose y - 6 = 4*y. Let x be (y/(-2))/(2/6). Suppose x = 3*m - 2*m. List the prime factors of m.
3
Suppose 0 = -b + 2, -3*w + 5*b + 84 = 2*b. Let m = w + -15. List the prime factors of m.
3, 5
Suppose u + 2 = 4*g, -3*u = g + u + 8. Suppose g = -0*c + 2*c. Suppose 5*b - 55 = -5*r, -3*r - 15 = -b - c*r. What are the prime factors of b?
2, 3
Let t be (2 + -2)/(-1 - -2). Suppose t = -4*o + 50 + 54. Let f = -15 + o. List the prime factors of f.
11
Let u = 10 + -5. Suppose 3*j = u*j - 48. What are the prime factors of j?
2, 3
Suppose 7*v - 62 = 5*v. Let c(r) = 15*r**2 - 4*r + 2. Let j be c(2). Let q = j - v. List the prime factors of q.
23
Suppose 0*m = -5*m - 60. What are the prime factors of m/(-42) + 54/7?
2
Suppose 3*r = -1 - 2. Let x(u) = -2*u**3 + 4 - 2*u**3 - 3. What are the prime factors of x(r)?
5
Let f(y) = 9*y**2 - 5*y + 0 - 7*y**2 + 5. What are the prime factors of f(4)?
17
Let r = 15 + -13. Suppose 5*b - 3*m = 55 + 27, r*m = -4*b + 70. What are the prime factors of b?
17
Let d be (0 - 1)/1*7. Let p be (-2 - d)*(-12)/10. List the prime factors of (2 - 14)/(9/p).
2
Let i(t) = t**2 - 2*t + 1. What are the prime factors of i(-2)?
3
Let v = -22 + 13. List the prime factors of (-8)/4*v/1.
2, 3
Suppose 170 = 5*d + 5*m, -3*d + 0*m + 106 = 5*m. What are the prime factors of d?
2
Suppose -10 + 1 = 3*c. Let b be 1/(1/c)*-1. What are the prime factors of (1 - -1)*b/1?
2, 3
Let s(n) = -n**3 - 9*n**2 + 3. Let r be s(-9). Suppose r*h - 2*o - 28 = 0, -3 - 5 = -2*h - 4*o. What are the prime factors of h?
2
Let q = 27 - 18. Let u = 8 + q. List the prime factors of u.
17
Suppose -5 = o, -4*r + 9*r + 5*o = -70. Let n(t) = -t**3 - 8*t**2 + 8*t - 3. What are the prime factors of n(r)?
2, 3
List the prime factors of ((-7)/(-14))/(1/60).
2, 3, 5
Let b(f) = -16*f - 2. List the prime factors of b(-4).
2, 31
Suppose 0*l + l = 7. Suppose l*m = 9*m - 14. What are the prime factors of m?
7
Suppose -4*z + 17 - 1 = 0. Suppose 3*g + z*j - 3 = 22, 4*g + j - 42 = 0. List the prime factors of g.
11
Suppose 4*d - 643 = 5*f, 0*f + 145 = d + 4*f. What are the prime factors of d?
157
Suppose -3*y - y + 24 = 0. Let h = y + -9. Let x = h - -6. List the prime factors of x.
3
Let g = 7 + 55. Suppose -4*c + 202 - g = 0. List the prime factors of c.
5, 7
Let p be (45/20)/(6/16). Suppose -5*r + 2*k = p*k - 42, 2*r - 5*k = 30. List the prime factors of r.
2, 5
List the prime factors of -1 + -2 - (1 + -13).
3
Let s = -23 - -112. What are the prime factors of s?
89
Let z be 55 + (-2)/2 + -3. List the prime factors of 2/6 + z/9.
2, 3
Suppose -18*s + 3*s + 2610 = 0. List the prime factors of s.
2, 3, 29
Suppose 3*p = 1 + 11. Suppose p*d - 2 + 0 = 5*w, 0 = -2*d + 2*w. List the prime factors of ((-4)/6)/(d/9).
3
What are the prime factors of (-22 - -17)*(-42)/5?
2, 3, 7
Suppose 0 = -2*w + 7 + 1. Suppose 2*v + 3*z = 65 - 16, -z = -3. Suppose 0 = -w*n + v. What are the prime factors of n?
5
Let z be 2 + (0 + 0)/(-2). Suppose -5*p + 0*p + 65 = 2*v, 0 = z*v + 2*p - 74. Suppose v = 3*x + 2*x. What are the prime factors of x?
2
Let i(s) be the second derivative of s**4/6 + 4*s**3/3 - 5*s**2/2 - 5*s. Let o(j) = -2*j**2 - j. Let d be o(-2). List the prime factors of i(d).
19
Suppose -10 = -3*o - 1. Let l be (-2)/o + (-51)/(-9). What are the prime factors of 5/25 - (-39)/l?
2
Let v(b) = b**3 - 5*b**2 - 5*b - 8. What are the prime factors of v(7)?
5, 11
Let l = 3 + 2. Suppose -4*z + l*w + 166 = -45, -5*w = -z + 64. Suppose z = 5*j - g, -j + 9 = g - 2*g. List the prime factors of j.
2, 5
Let h(p) = 2*p + 13. Let q be h(-10). Let s(t) = -t**3 - 6*t**2 + 4*t - 6. Let l be s(q). Let i = l - 10. What are the prime factors of i?
5
Let l(h) be the third derivative of -h**6/720 - h**5/30 + h**4/8 - h**2. Let t(y) be the second derivative of l(y). List the prime factors of t(-8).
2
Let g be (-40)/140 + (-37)/(-7). Let o be -1 - 2/(-2*1). Suppose 5*q - m + 4*m = 7, -2*q - g*m - 1 = o. What are the prime factors of q?
2
Suppose 5*u + 6 - 15 = 3*l, -5*u = -4*l - 7. Suppose -l*c + c = -31. What are the prime factors of c?
31
Let n(b) = -b + 5. Let z be n(5). Suppose 0 = 4*m - p - 30, 5*m - p + 4*p - 29 = z. What are the prime factors of m?
7
Let n(s) = -2 - 1 + 0 - 2*s - s. Suppose 0 = -w + 3 - 7. What are the prime factors of n(w)?
3
Let y(b) = -5*b + 13. Let d(t) = -9*t + 25. Let n(p) = 6*d(p) - 11*y(p). What are the prime factors of n(-5)?
2
Let p(v) = -v**2 - 9*v - 10. Let x be p(-7). What are the prime factors of ((-6)/x)/((-3)/34)?
17
Let w(m) be the second derivative of -m**4/12 + 3*m**3/2 + 9*m**2/2 - m. List the prime factors of w(8).
17
Let c be -3 - -6 - 3 - 4. Let b be -7*c/(-2)*1. What are the prime factors of (-3)/(-7) + (-246)/b?
2, 3
Suppose 2*w + 4 = -8. Let g(d) = d**2 + 3*d - 7. List the prime factors of g(w).
11
List the prime factors of 44/(-22)*45/(-2).
3, 5
Let i(l) = 6*l - 15. List the prime factors of i(12).
3, 19
Let d be ((-12)/10)/((-27)/225). Let w = -1 + d. List the prime factors of w.
3
Suppose 2*v - 3*p - 170 = 106, 3*v = -5*p + 376. What are the prime factors of v?
2, 3, 11
What are the prime factors of 148/5*25/10?
2, 37
Suppose -3*p - p = 12. What are the prime factors of -3 - 3/p*7?
2
What are the prime factors of 5 + -2 + 49 + 3?
5, 11
Suppose 4*z = p - 2*p + 127, 5 = -5*p. List the prime factors of z.
2
Let i = -16 + 40. What are the prime factors of i?
2, 3
Suppose -20 = -t - 4*t. Suppose 3*w + 42 = k, t*w = -4*k + 8*w + 136. Suppose 10*g = 7*g + k. List the prime factors of g.
2, 5
List the prime factors of -4*(-6)/16*106.
3, 53
Let l(i) = -2*i + 6. What are the prime factors of l(-6)?
2, 3
Let t(o) = -2*o**3 - 4*o**2 + 5*o + 4. What are the prime factors of t(-5)?
3, 43
Let f = 55 - -23. List the prime factors of f.
2, 3, 13
List the prime factors of (-1 + 92/20)*5.
2, 3
Let r(u) = -u**3 + 2*u**2 - u. Let j be r(1). Let k = 10 + j. List the prime factors of k.
2, 5
Suppose n - 109 = -5*g, -2*n + 71 = -0*g + 3*g. What are the prime factors of g?
3, 7
Let w(j) = -2*j - 3. Let p be w(-4). Let a be (-1 - 1)*p/(-10). What 